 prime factors of 14059.
17, 827
List the prime factors of 887.
887
List the prime factors of 1587.
3, 23
What are the prime factors of 6847?
41, 167
List the prime factors of 41031.
3, 47, 97
What are the prime factors of 71551?
71551
List the prime factors of 4810.
2, 5, 13, 37
List the prime factors of 151380.
2, 3, 5, 29
What are the prime factors of 7093?
41, 173
What are the prime factors of 103504?
2, 6469
What are the prime factors of 2356?
2, 19, 31
What are the prime factors of 82312?
2, 10289
List the prime factors of 11294.
2, 5647
What are the prime factors of 7684?
2, 17, 113
What are the prime factors of 1430?
2, 5, 11, 13
What are the prime factors of 7627?
29, 263
List the prime factors of 50.
2, 5
List the prime factors of 6206.
2, 29, 107
What are the prime factors of 19613?
11, 1783
List the prime factors of 14971.
11, 1361
What are the prime factors of 1848?
2, 3, 7, 11
What are the prime factors of 68429?
41, 1669
List the prime factors of 46853.
46853
What are the prime factors of 2210?
2, 5, 13, 17
List the prime factors of 21450.
2, 3, 5, 11, 13
What are the prime factors of 1258?
2, 17, 37
What are the prime factors of 4931?
4931
List the prime factors of 44165.
5, 11, 73
List the prime factors of 2450.
2, 5, 7
List the prime factors of 409.
409
List the prime factors of 1212.
2, 3, 101
What are the prime factors of 725?
5, 29
What are the prime factors of 72270?
2, 3, 5, 11, 73
What are the prime factors of 3293?
37, 89
What are the prime factors of 14912?
2, 233
List the prime factors of 12838.
2, 7, 131
List the prime factors of 253.
11, 23
List the prime factors of 56957.
56957
What are the prime factors of 24788?
2, 6197
What are the prime factors of 66538?
2, 17, 19, 103
What are the prime factors of 18339?
3, 6113
List the prime factors of 320.
2, 5
What are the prime factors of 4926?
2, 3, 821
List the prime factors of 10952.
2, 37
List the prime factors of 16784.
2, 1049
List the prime factors of 646.
2, 17, 19
What are the prime factors of 2997?
3, 37
What are the prime factors of 978?
2, 3, 163
What are the prime factors of 8651?
41, 211
List the prime factors of 2095.
5, 419
List the prime factors of 1365.
3, 5, 7, 13
What are the prime factors of 2697?
3, 29, 31
List the prime factors of 3143.
7, 449
What are the prime factors of 18802?
2, 7, 17, 79
What are the prime factors of 810?
2, 3, 5
What are the prime factors of 14759?
14759
What are the prime factors of 11201?
23, 487
What are the prime factors of 3201?
3, 11, 97
List the prime factors of 338.
2, 13
List the prime factors of 3096.
2, 3, 43
What are the prime factors of 7476?
2, 3, 7, 89
List the prime factors of 21870.
2, 3, 5
What are the prime factors of 5884?
2, 1471
List the prime factors of 3475.
5, 139
List the prime factors of 25139.
23, 1093
List the prime factors of 5615.
5, 1123
What are the prime factors of 1037?
17, 61
What are the prime factors of 139216?
2, 7, 11, 113
List the prime factors of 1428.
2, 3, 7, 17
What are the prime factors of 1706?
2, 853
What are the prime factors of 845?
5, 13
List the prime factors of 4340.
2, 5, 7, 31
What are the prime factors of 4797?
3, 13, 41
List the prime factors of 49941.
3, 31, 179
What are the prime factors of 43271?
43271
What are the prime factors of 1508?
2, 13, 29
What are the prime factors of 6559?
7, 937
List the prime factors of 1851.
3, 617
List the prime factors of 4707.
3, 523
List the prime factors of 3354.
2, 3, 13, 43
What are the prime factors of 54366?
2, 3, 13, 17, 41
What are the prime factors of 35624?
2, 61, 73
What are the prime factors of 4658?
2, 17, 137
List the prime factors of 3988.
2, 997
What are the prime factors of 275?
5, 11
List the prime factors of 1840.
2, 5, 23
List the prime factors of 50953.
7, 29, 251
What are the prime factors of 5114?
2, 2557
What are the prime factors of 386?
2, 193
What are the prime factors of 8248?
2, 1031
What are the prime factors of 36195?
3, 5, 19, 127
What are the prime factors of 331?
331
What are the prime factors of 115834?
2, 57917
List the prime factors of 9807.
3, 7, 467
List the prime factors of 35993.
35993
What are the prime factors of 58439?
58439
What are the prime factors of 1546?
2, 773
List the prime factors of 1042.
2, 521
List the prime factors of 16915.
5, 17, 199
List the prime factors of 18116.
2, 7, 647
What are the prime factors of 119?
7, 17
What are the prime factors of 20613?
3, 6871
List the prime factors of 203.
7, 29
List the prime factors of 96163.
23, 37, 113
What are the prime factors of 61719?
3, 7, 2939
What are the prime factors of 341?
11, 31
List the prime factors of 417.
3, 139
What are the prime factors of 510?
2, 3, 5, 17
What are the prime factors of 8192?
2
List the prime factors of 2922.
2, 3, 487
List the prime factors of 14756.
2, 7, 17, 31
What are the prime factors of 43354?
2, 53, 409
List the prime factors of 2381.
2381
What are the prime factors of 3780?
2, 3, 5, 7
What are the prime factors of 9491?
9491
What are the prime factors of 4129?
4129
List the prime factors of 1354.
2, 677
List the prime factors of 5384.
2, 673
What are the prime factors of 193251?
3, 37, 1741
What are the prime factors of 48331?
17, 2843
What are the prime factors of 1528?
2, 191
What are the prime factors of 58221?
3, 6469
List the prime factors of 2487.
3, 829
What are the prime factors of 1408?
2, 11
What are the prime factors of 10371?
3, 3457
List the prime factors of 16899.
3, 43, 131
What are the prime factors of 33935?
5, 11, 617
List the prime factors of 1926.
2, 3, 107
What are the prime factors of 2394?
2, 3, 7, 19
List the prime factors of 7524.
2, 3, 11, 19
What are the prime factors of 2611?
7, 373
What are the prime factors of 12108?
2, 3, 1009
What are the prime factors of 9878?
2, 11, 449
List the prime factors of 43900.
2, 5, 439
What are the prime factors of 2060?
2, 5, 103
What are the prime factors of 1519?
7, 31
What are the prime factors of 33084?
2, 3, 919
List the prime factors of 545.
5, 109
What are the prime factors of 21956?
2, 11, 499
What are the prime factors of 740?
2, 5, 37
What are the prime factors of 54919?
54919
What are the prime factors of 221?
13, 17
List the prime factors of 2199.
3, 733
What are the prime factors of 35433?
3, 31, 127
What are the prime factors of 1506?
2, 3, 251
What are the prime factors of 1339?
13, 103
What are the prime factors of 40765?
5, 31, 263
What are the prime factors of 6169?
31, 199
What are the prime factors of 95768?
2, 11971
What are the prime factors of 364?
2, 7, 13
What are the prime factors of 20378?
2, 23, 443
What are the prime factors of 1108?
2, 277
List the prime factors of 18587.
18587
List the prime factors of 944.
2, 59
List the prime factors of 35112.
2, 3, 7, 11, 19
What are the prime factors of 7723?
7723
What are the prime factors of 92808?
2, 3, 1289
What are the prime factors of 5068?
2, 7, 181
List the prime factors of 129.
3, 43
List the prime factors of 1112.
2, 139
List the prime factors of 34542.
2, 3, 19, 101
What are the prime factors of 39291?
3, 7, 1871
What are the prime factors of 952?
2, 7, 17
What are the prime factors of 14239?
29, 491
What are the prime factors of 33868?
2, 8467
What are the prime factors of 13461?
3, 7, 641
What are the prime factors of 33704?
2, 11, 383
List the prime factors of 455.
5, 7, 13
What are the prime factors of 2814?
2, 3, 7, 67
List the prime factors of 56007.
3, 7, 127
What are the prime factors of 111935?
5, 61, 367
What are the prime factors of 2077?
31, 67
What are the prime factors of 491?
491
What are the prime factors of 8853?
3, 13, 227
What are the prime factors of 874?
2, 19, 23
What are the prime factors of 47111?
47111
List the prime factors of 28288.
2, 13, 17
What are the prime factors of 1431?
3, 53
List the prime factors of 417.
3, 139
List the prime factors of 812.
2, 7, 29
List the prime factors of 3599.
59, 61
List the prime factors of 30183.
3, 10061
What are the prime factors of 7381?
11, 61
List the prime factors of 7215.
3, 5, 13, 37
What are the prime factors of 20808?
2, 3, 17
List the prime factors of 315.
3, 5, 7
What are the prime factors of 29978?
2, 13, 1153
What are the prime factors of 12498?
2, 3, 2083
List the prime factor